hird derivative of -x**4/24 - x**3/6 - 34*x**2. Let g(r) = r**2 - 23*r + 41. Let n be g(21). Calculate u(n).
0
Let x(b) = b**2 + 2*b + 8. Let q = -192 + 187. What is x(q)?
23
Suppose 2*f = j - 1, 5*j - 3 = -2*f + 2*j. Let d(o) = 1 + f*o + 2*o - 3*o. Give d(-3).
4
Let v(k) = -k**3 - 3*k**2 - 4*k - 3. Let x be v(-4). Let p(h) = 17*h - 7 + 13*h - x*h. Calculate p(8).
1
Let z(p) = -p + 8. Let m = -10 - -17. Let b be z(m). Let r(j) = j**3 + j + b + 0 + 2*j**2 + 0*j + 3*j**2. Give r(-4).
13
Let f(x) = -x - 1. Let l(b) = 2*b + 2. Let c(o) = 13*f(o) + 6*l(o). Let k = 95 + -39. Suppose k = -8*q - 0*q. What is c(q)?
6
Let k(m) = -7*m - 1. Let l = -661 + 667. Calculate k(l).
-43
Let d(s) be the third derivative of -s**4/6 - 7*s**3/3 + s**2 - 56*s. Determine d(-4).
2
Let i(n) = n**3 - 18*n**2 + 17*n + 4. Let l be i(17). Let o(p) = -780 + l*p + 388 - p + 391. Give o(4).
11
Let w(c) = -2*c**3 - 6*c**2 - 2*c - 6. Let n(o) = -o**3 - 8*o**2 - 20*o - 95. Let i be n(-7). What is w(i)?
34
Let q = -18 + 24. Let r(m) = -5*m**2 - m + 6. Let v(c) = 6*c**2 + 2*c - 6. Let t(b) = q*v(b) + 7*r(b). What is t(-5)?
6
Suppose 2*k + 2*k = -20. Let y(p) be the second derivative of -p**4/12 - p**3/3 + 7*p**2/2 - 38*p. Determine y(k).
-8
Suppose 0 = 3*w + v + 15, 7*v - 3*v = 5*w + 25. Let q(t) be the first derivative of -t**3/3 - 3*t**2 + 2*t + 157. What is q(w)?
7
Let k(x) = -x**3 + x**2 + x. Let c(g) = -5*g**2 - 4*g + 1. Let z(q) = -c(q) - 3*k(q). Give z(2).
33
Let l(j) be the third derivative of 15*j**2 + 1/12*j**4 + 0*j + 0 + 1/3*j**3. Let x be 0/(-2) + 1 + -3. Determine l(x).
-2
Let q = -51 + 58. Let t(v) = -q*v**2 - 2*v + 6*v**2 - 1 + 7*v + 3*v. Calculate t(6).
11
Suppose -5*l + 134 = -3*w, 2*l - l - w - 28 = 0. Let h(c) = 0*c + l - 7*c + c**3 - 5*c**2 - 17. Determine h(6).
2
Let u = -30 + 20. Let d = 10 + u. Let x(h) be the third derivative of h**4/24 - 5*h**3/3 - 15*h**2. What is x(d)?
-10
Suppose 0*j - 4*j + 12 = 0. Let g = 11 - j. Suppose -4*n = 4*z + g, 2*z = -5*n + z + 10. Let h(d) = -d**3 + 2*d**2 + 3*d. Give h(n).
0
Let o(s) = -s + 3. Let q(m) = -m**2 + 33*m - 83. Let u be q(30). What is o(u)?
-4
Let u(g) be the first derivative of -g**4/4 + g**3 + g**2/2 + 6*g + 15. Calculate u(4).
-6
Let p(a) = -2 + 3*a - a + 3 - a. Let j = 4 - 1. Suppose -4*h = -j*h. Determine p(h).
1
Let j(o) = 3*o + 38. Let u(p) = 7*p + 91. Let h(t) = 5*j(t) - 2*u(t). Calculate h(3).
11
Let x(s) = -43*s**3 + 57*s**3 + s + s - 7 - 13*s**3 - 5*s**2. Give x(5).
3
Let p(q) = 7*q**2 + 5. Let v(d) = -13*d**2 - d - 10. Let y(k) = 11*p(k) + 6*v(k). Suppose 4*m + 3*i = -39, -5*i - 38 = 8*m - 7*i. Give y(m).
-5
Let h be 4/(-2) - -2 - 2. Suppose 0 = -g - 3*g + 32. Let d(v) = -7*v - 13. Let r(k) = -11*k - 20. Let o(n) = g*d(n) - 5*r(n). Determine o(h).
-2
Let x(l) = 37*l + 4. Let q(r) = -78*r + 466. Let t be q(6). Give x(t).
-70
Let g(c) = -3*c + 13. Let x be g(4). Let r(q) = 53*q - 47*q + 6*q**2 + x - 2 - q**3. Calculate r(7).
-8
Let m(c) be the second derivative of -c**5/20 + c**4/4 - c**3/3 - 2*c + 4. Give m(2).
0
Let n(x) = -4*x**2 + 28*x**3 + 0*x**2 - 3*x + 4*x - 27*x**3. Suppose 4*w + 0*w = 16. Suppose q = -0*r - r, 0 = w*q - 3*r - 28. Determine n(q).
4
Let q(t) = 5*t - 9. Let u(g) = 9*g - 18. Let x(w) = 11*q(w) - 6*u(w). Let z(l) = 1 + 3 + 0. Let v(f) = 2*x(f) - 5*z(f). Calculate v(5).
8
Suppose -7*o = r - 2*o - 12, 0 = -r + 4*o - 24. Let y(g) = 3*g**2 + 11*g + 6. Let u(b) = -4*b**2 - 12*b - 5. Let s(d) = -2*u(d) - 3*y(d). Determine s(r).
0
Let f(g) = 28*g**3 - g**2 - 2*g - 1. Let h(t) = -t**2 - 29*t + 61. Let y be h(2). What is f(y)?
-28
Suppose 2*o = 3*r - 9 - 6, -5*o - 35 = -5*r. Let k be (-25)/(-15) + -1 - (-22)/o. Let x(d) = 3*d + 4. Calculate x(k).
-5
Suppose 78 = 22*j - 10. Let d(u) = 6*u + 2. Give d(j).
26
Let u(n) = 7*n**2 - 2*n - 5. Let j(y) = -12*y**2 + 2*y + 11. Let k(i) = 3*j(i) + 5*u(i). Let z(l) = l**2 - 5*l - 3. Let p be z(4). Give k(p).
-13
Suppose -6 = -9*h + 7*h. Let z(s) = s + 3. Calculate z(h).
6
Let r(u) = u**3 + 38*u**2 - 37*u + 73. Let m be r(-39). Let a(w) be the third derivative of -w**5/60 - w**4/6 - w**3/6 + w**2. Determine a(m).
-6
Let v(j) = j**3 + 27803*j - 27799*j - 16 - 4*j**2 + j**2. What is v(3)?
-4
Suppose -4*p - 3*l = -44, 3*p - 3*l - l = 8. Suppose -5*a = -4*i + 61, 2*i + 4*a + 65 = 7*i. Let q(m) = 10*m**2 - 15*m**2 - i + p*m + 6*m**2. Give q(-9).
0
Let j(a) be the first derivative of a**3/3 + a**2/2 + 2*a + 92. Give j(-2).
4
Let z(k) = -16*k**2 - 40*k + 12. Let w(x) = -7*x**2 - 19*x + 6. Let t(o) = 9*w(o) - 4*z(o). What is t(7)?
-22
Let m be 2 + -2 + (42 - 43). Let u(j) = -3*j + 5. Calculate u(m).
8
Let w(m) = 106*m**2 - 5*m + 2. Let n be w(1). Let h = -103 + n. Let z(s) = s**2 + s + 1. What is z(h)?
1
Let d(m) = 11*m**3 - 4*m**2 + 14. Let g(r) = -8*r**3 + 5*r**2 + r - 13. Let l(o) = -3*d(o) - 4*g(o). Give l(-7).
-11
Let n(w) = w**2 - w - 23. Suppose 96*k = 88*k. Give n(k).
-23
Let l(r) = -r**3 + 28*r**2 + 32*r - 81. Let c be l(29). Let g(u) = u**3 - 7*u**2 + 6*u - 7. What is g(c)?
-7
Let s(y) be the third derivative of y**4/24 - y**3/6 - 10*y**2. Determine s(9).
8
Suppose 4*k + 31 = -2*y - 3*y, -4*y - 24 = 3*k. Let j be (9/(-4))/(y/(-8)). Let d(m) be the second derivative of -m**3/6 - 2*m**2 + 4*m - 7. Give d(j).
2
Let q(c) = c**3 + 11*c**2 + 11*c + 13. Suppose 16*p - 9*p + 70 = 0. Let d be q(p). Let f(h) = 5*h. What is f(d)?
15
Let f(y) = 18*y**3 + 1. Suppose 3*d + 20 = 5*n, -3*d - 60 + 47 = 2*n. Calculate f(n).
19
Let j be (-14)/(-4)*11/((-99)/18). Let b(z) = z**2 + 6*z + 5. What is b(j)?
12
Let c(i) = -5*i**2 + 15*i**2 - 5*i**2 - 7*i**2 + 5 - 4*i. Give c(2).
-11
Let r(i) = -i**2 + 2*i + 5. Let w = -33 - -34. Let l(q) = q + 1. Let y(c) = w*l(c) + r(c). Calculate y(6).
-12
Let a(w) = -w**3 + 3*w**2 + 3*w - 3. Let f(s) = 5*s - 1. Suppose -10 - 1 = j. Let b = -10 - j. Let q be f(b). Give a(q).
-7
Let t(k) = k. Let f be (-1 + 5/(-10))*4. Let m be t(f). Let c(p) = p - 4. What is c(m)?
-10
Let x(i) be the first derivative of -i**2/2 - 7*i - 1. Let u(w) = 12*w - 28. Let p be u(3). Let h be (-6)/(-12)*-1*p. Give x(h).
-3
Suppose 4*p - 7 = 2*b - 3, 2*b = -5*p - 22. Let s(n) = n**3 + 5*n**2 - n + 4. What is s(b)?
-26
Let a = 33 + -33. Let l be (-3)/(-12) + (-23)/(-4). Suppose -l*b + 10*b - 12 = a. Let h(v) = -2*v**2 + 2*v + 1. Determine h(b).
-11
Let y(x) = 14*x**3 + 3*x**2 - 8*x - 1. Let z(r) = -5*r**3 - r**2 + 3*r. Let b(j) = -4*y(j) - 11*z(j). Let c be -2 + 8 + -13 + 7. Calculate b(c).
4
Suppose 0 = 7*r - 5*r + 8. Let m(q) = -422324 + 2*q + q**3 + 422323 + 3*q + 5*q**2. Give m(r).
-5
Let c(j) = j - 15. Let f(s) = -2*s + 30. Let u(i) = 5*c(i) + 2*f(i). Determine u(0).
-15
Let h be (-3 - ((-270)/12)/9)*-4. Let l(m) be the first derivative of -1/2*m**h - 17*m - 6. Calculate l(0).
-17
Let y = -432 + 450. Let a(q) = q - 5. Give a(y).
13
Let t(s) = -6*s**2 + 41*s + 10. Let v(g) = g**2 - 8*g - 2. Let r(n) = -2*t(n) - 11*v(n). Give r(-5).
-3
Suppose -65 = 3*a - 251. Let w(l) = -4 + a*l**3 + 3 - 49*l**3. Determine w(1).
12
Suppose 0 = -4*o + 4*k + 16, 5*o - 26 + 6 = -4*k. Let s(w) = -w**2 + 2*w + 4. What is s(o)?
-4
Let w(p) be the second derivative of -p**3 + 9*p + p**2 + 1/24*p**4 + 0. Let n(s) be the first derivative of w(s). Give n(7).
1
Let p(g) = 18 + 6 + 191055*g - 191059*g. Determine p(6).
0
Let x(a) = -24*a**3 + a**2 + a. Let b(h) = h**2 - 5. Let s be b(2). Calculate x(s).
24
Let q(v) = -5*v - 4. Let g(h) = -11*h - 6. Let u(l) = 4*g(l) - 9*q(l). Let d be u(0). Let n(m) = -m**2 + 11*m + 11. What is n(d)?
-1
Let z(f) = f**3 - 5*f**2 - 8*f + 4. Let g = 47 + -42. Suppose 2*i + g = 17. Give z(i).
-8
Let q(s) = -2*s - 1. Let n = -10 + 9. Let d(l) = -6*l**2 + l. Let x be d(n). Let v = x - -3. Calculate q(v).
7
Let y(m) be the third derivative of m**5/60 - m**4/4 + 2*m**3/3 - 26*m**2. Determine y(7).
11
Let k(u) = -u**2 + 7*u + 7. Suppose -3*y = z + 6, 8 = -4*y - 4. Suppose 4*x = -s - 3, -2*x + 0*x - z = s. Suppose 0 = 2*m - 14 - x. Determine k(m).
7
Let r be 84/(-15)*-1 - 18/(-45). Let l(a) = 3*a + 2. Let u(v) = -7*v - 3. Let z(g) = 5*l(g) + 2*u(g). Give z(r).
10
Let l(z) = z**3 - 5*z**2 + 2*z + 4. Let r(x) = 12*x - 6. Let m be r(1). Suppose -m = -3*p + p. Give l(p).
-8
Let u = 3 - -1. Let t(p) = -4 - p - 3*p**2 - 4*p**2 - 11*p**2 + 19*p**2. What is t(u)?
8
Let i(n)